emainder when (-34)/(-2)*(0 + -1)*-7 is divided by a.
26
Let q(i) = i**2 + i - 5. Suppose -52887*w + 52834*w + 9646 = 0. Calculate the remainder when w is divided by q(6).
34
Let h = -18 + 25. Calculate the remainder when (-3)/(-6)*6*(553/21 - 11) is divided by h.
4
Let x(h) = h**3 + 141*h**2 - 1325*h - 7. Calculate the remainder when x(10) is divided by 12.
7
Let a(l) = 40*l**2 - l + 1. Let w(o) = o**2 + 27*o + 48. Let y be w(-25). Let v(u) = -18*u + 161. What is the remainder when v(y) is divided by a(1)?
37
Let i(c) = 69*c. Calculate the remainder when i(1) is divided by 28 + 5 + -5 + -10.
15
Let n(q) = q**3 + 73*q**2 + 70*q - 625. Calculate the remainder when n(-71) is divided by 187.
186
Let c be (-285)/(-2)*(-6)/(-60)*-8. Suppose 2*t + 3*t + h - 143 = 0, -5*t - 3*h = -139. What is the remainder when ((-16)/8)/(4/c) is divided by t?
28
Let c = 388 - 398. What is the remainder when 119 is divided by (-226)/(-10) - 4/c?
4
Suppose -8*o - 234 = 31*o. Calculate the remainder when 61 is divided by (-5 - o - 5) + (-3 - -14).
5
Calculate the remainder when ((-3)/(9/(-11579)))/((-16)/1152*-24) is divided by 11.
7
Let l(v) = v**2 - 8*v - 6. Let f be (-18)/12 + (-1)/2. What is the remainder when l(11) is divided by 13/3 + f/(-3)?
2
Let y(m) = 385*m - 9498. Calculate the remainder when y(26) is divided by 503.
9
Suppose -11 = 4*n + 3*j, -n - 3 = 3*n - 5*j. Let w be ((-3)/n)/(48/160). Suppose -138 = -w*m + 722. Calculate the remainder when m is divided by 29.
27
Suppose -6*n = -4*n + 3*y - 957, 482 = n + y. What is the remainder when 1477 is divided by n?
10
Suppose 4*y = -2*f + 210, 5*f - 573 = -18*y + 16*y. What is the remainder when f is divided by 35?
12
Suppose -14*a + 10*a = 1908. Let c = 481 + a. Let l(d) = -2*d + 2. Calculate the remainder when l(-2) is divided by c.
2
Suppose -7*z = -971 - 709. Let c = z - 161. Let g = 143 - c. Calculate the remainder when g is divided by 22.
20
Let a(m) = -157*m**3 - 2*m**2 - 8*m - 8. What is the remainder when a(-1) is divided by 1 - 1*-76 - -1?
77
Let p = 122 + -143. Let i(u) = -u**3 - 21*u**2 - 5*u - 17. What is the remainder when i(p) is divided by 19?
12
Suppose -17*r + 7 = -16*r. Suppose 0 = r*h - 23*h + 304. What is the remainder when h is divided by 5/(-2)*(-8)/5?
3
Suppose 1989 = -29*b + 12*b. Let k = 135 + b. What is the remainder when 45 is divided by k?
9
Suppose 4*g + 0*a - 4*a - 3068 = 0, g - 776 = -2*a. What is the remainder when g is divided by 20?
10
Suppose c - 5*i = 0, 130 - 50 = 3*c + i. Let w = -272 - -480. Suppose -w + 4 = -3*p. What is the remainder when p is divided by c?
18
Let k = 1864 - 1389. What is the remainder when k is divided by 121?
112
Suppose 3*c - 5*f - 7 = 0, 5*c - 3*f = 11 + 6. Suppose -75 - 1 = -c*n. Let u = -39 + 108. Calculate the remainder when u is divided by n.
12
Let b = -430 + 569. What is the remainder when 3750 is divided by b?
136
Let b = 132 - 4. Suppose -2*a + 132 = -4*m, -2*a + 85*m + b = 82*m. What is the remainder when 225 is divided by a?
51
Let i(w) = -w**3 - 16*w**2 - 14*w - 37. What is the remainder when i(-17) is divided by -6*(6 + -4)*-1?
10
Let h = 38446 + -38400. What is the remainder when 3219 is divided by h?
45
Let u(q) = q**3 + 6*q**2 + 4*q - 8. Let z = -96 - -92. Calculate the remainder when 12 is divided by u(z).
4
Let l(t) = 41*t**2 + 616*t + 38. What is the remainder when 362 is divided by l(-15)?
17
Let d(k) = 3*k**2 + 26*k + 29. What is the remainder when (-1210)/(-8) + (-4)/16 is divided by d(-9)?
37
Suppose -10*k - 89 = 1. Let i = k + 46. What is the remainder when 109 is divided by i?
35
What is the remainder when -7 - 17/(-85)*215 is divided by (-84)/(-10) + 2/(-5)?
4
Suppose c = -3*b - 11, -6*b + b = -c + 5. Calculate the remainder when 35 is divided by (4/10)/(b/(-20)).
3
Let i be ((-4)/6)/((-4)/(-18)). Let y = 9235 - 9225. Calculate the remainder when (i/(-6))/((-1)/(-136)) is divided by y.
8
Let m(b) = -3671*b + 25. Let k be m(-1). Suppose k = -49*t + 65*t. What is the remainder when t is divided by 47?
43
Let f = -107 + 129. Suppose 2*a + 5*j - 54 = 0, -a + j + 5 = -2*j. Suppose x - 4*p - p = f, 0 = -2*x + p + a. What is the remainder when 18 is divided by x?
4
What is the remainder when 3123 is divided by -27 + 31 + 23 + -2?
23
What is the remainder when 237 is divided by (-3)/30 + (-19232)/(-320)?
57
Suppose -2*x - 5*j = 3, 4*x + 16 = 2*j - 2. Calculate the remainder when (-296)/x + (-1 - -1) is divided by -2*(-21 + (-230)/(-20)).
17
Suppose 0 = -46*p + 18*p + 34000 + 31436. What is the remainder when p is divided by 12?
9
Let r(n) = 4*n - 2. Suppose -13 = -7*p + 15. Let j = 452 + -428. Calculate the remainder when j is divided by r(p).
10
Let o(x) = 137*x + 1381. Calculate the remainder when o(-7) is divided by 7.
2
Suppose 5967 = 8*a + 38*a + 539. Calculate the remainder when 942 is divided by a.
116
Let g(r) = 97*r**2 + 84*r + 783. What is the remainder when g(-9) is divided by 2628?
0
Let q = 384 + -371. Suppose 19*k - q*k = 282. Let f(b) = -b**3 + 8*b**2 - 4*b - 8. Calculate the remainder when k is divided by f(7).
8
Let d(b) = 3*b + 14. Let v be d(-19). Let w = -27 - v. Suppose -p + 1 + 1 = 0, 0 = -5*f + p + 373. What is the remainder when f is divided by w?
11
Let f(p) = 11*p**2 - 159*p + 801. Calculate the remainder when f(5) is divided by 4.
1
Let x = 2539 + -2270. Calculate the remainder when x is divided by 12.
5
Suppose 2496 = 13*m + 2223. Calculate the remainder when m is divided by 2.
1
Let w be 4 + (-27)/3 + 2 + 1. What is the remainder when 39 is divided by 19 - (w/2 + -4)?
15
Let k be 5 + 4/(-22) + (-9)/11. Suppose -2*o + k*a + 258 = 0, 7*o = 8*o + 5*a - 150. Calculate the remainder when o is divided by 17.
16
Let i(l) = l**3 + 20*l**2 + 19*l + 12. Suppose 0 + 10 = -5*m. Let n be 4/m*304/32. Calculate the remainder when 46 is divided by i(n).
10
Suppose 0*d = -d + 5. Let k(n) = 32*n - 31. Let m be k(-1). What is the remainder when 8 + (m/(-9) - 3) is divided by d?
2
Suppose -391*v + 389*v = 4*m - 38414, -m + 5*v = -9554. What is the remainder when m is divided by 60?
59
Suppose 4*m - 26 = -6. Suppose 0 = -m*d + d + 380. Let n(t) = -10*t - 14. Calculate the remainder when d is divided by n(-3).
15
Suppose 4*m - 5*q - 286 = 0, 170*q = 3*m + 175*q - 197. Let u = 5 + 0. What is the remainder when m is divided by u?
4
Let j = -3091 - -3977. What is the remainder when j is divided by 238?
172
Let l = 7360 - 7089. What is the remainder when l is divided by (-1)/2*-13*6?
37
Let s(j) = -17*j + 7. Let k be s(5). Let h be (71/(-284))/(1/(-168)). Calculate the remainder when k/(-7) - 6/h is divided by 10.
1
Let m(z) = 2*z**3 - 18*z**2 - 38*z + 4. Suppose -112 = -7*k - 35. What is the remainder when m(k) is divided by 56?
14
Suppose 2*q = -3*n + 161, -4*n + 201 = 4*q - 7. Let d = 620 + -313. Let g = -297 + d. What is the remainder when n is divided by g?
7
Let r(b) = -6*b**2 - 7. Let i(k) = 1. Suppose s - 3*s - 2 = -3*u, -u = -2*s - 2. Let l(o) = s*r(o) - 6*i(o). What is the remainder when 73 is divided by l(-2)?
23
Let o(v) = v**2 - 163*v + 2887. What is the remainder when o(148) is divided by 230?
207
Let o = -62 + 62. Suppose 0*g = -5*g - 4*t + 297, o = t + 2. Suppose 0 = -y - 2 + 13. What is the remainder when g is divided by y?
6
Let h be (1754/(-5))/2 - (-26)/65. Let i(l) = l**2 - 2*l + 1. What is the remainder when h/14*8/(-4) is divided by i(4)?
7
Suppose -18*y - 5*z + 1514 = -14*y, 2*y - 754 = -z. Calculate the remainder when y is divided by 9.
7
Suppose 0*j + 6*j - 1560 = 0. Suppose v = -4*v + j. What is the remainder when v is divided by (12/(-30))/((-1)/35)?
10
Suppose -37*q - 5*k = -3042, -59*q = -57*q - 5*k - 117. What is the remainder when 493 is divided by q?
7
Let u = 698 - 686. Calculate the remainder when 915/7 - (-46)/161 is divided by u.
11
Suppose 0 = 2*k + o + 2*o - 37, 5*o = 2*k - 61. What is the remainder when 574 is divided by k?
22
Suppose 15*z = -27*z + 81*z - 2847. What is the remainder when 437 is divided by z?
72
Suppose 20*b - 53 = 287. What is the remainder when 10128 is divided by b?
13
Let d = -226 - -240. Suppose d*t = -6*t + 460. What is the remainder when 203 is divided by t?
19
Suppose 0 = -2*d + 3*x + 536, -2*x = 3*d + 3*x - 785. Suppose 223 = 4*i - 3*w - d, -i - 3*w + 107 = 0.